e 0/((-3)/u + 0). What is x(g)?
-2
Let p(w) = -w + 8. Suppose 4*h = 3 + 21. Give p(h).
2
Let k be (13/4)/((-6)/24). Let n(y) = y + 11. Let f be n(k). Let u(p) = p**2 + 4*p + 1. Determine u(f).
-3
Let u(h) = 8*h**3 - 3*h**3 + 3 + 2*h**2 - 2*h - 2. What is u(1)?
6
Let m(x) be the first derivative of -x**7/210 - x**6/360 + x**4/24 + 4*x**3/3 + 4. Let a(p) be the third derivative of m(p). Give a(1).
-4
Let s(f) = 4*f**2 + 0*f**3 + 3 - 3*f + 2*f - f**3. Let l = 13 - 18. Let q(m) = -m**2 - 5*m + 4. Let j be q(l). Determine s(j).
-1
Let b(t) = -7*t + 3. Let y(f) = -3*f + 1. Let x(w) = 2*b(w) - 5*y(w). Determine x(0).
1
Let u(d) = d - 12. Let o be u(0). Let p = o - -7. Let s = 4 + p. Let t(j) = j**3 + 2*j**2 + 2*j + 1. Give t(s).
0
Let i(o) = 1 + o + 2*o - 5*o. Suppose 5 = -4*w + 5*w. Suppose -5*h = -2*y - 24, -5*y + w*h = -9 + 39. Determine i(y).
5
Let q(r) = -2*r**2 + 19*r - 6. Let s be q(9). Let f(o) be the first derivative of 1/2*o**2 + s + 5*o. Give f(-4).
1
Let q(c) = -c + 5. Let p be q(3). Let n(g) be the first derivative of -3 + g + 3/2*g**p. What is n(1)?
4
Let x(k) = -k - 6 + 2 - 1 + 3. What is x(-4)?
2
Suppose 6*t - 3*t - 12 = 0. Let o(u) = u**3 - 4*u**2 - u + 1. Calculate o(t).
-3
Let z(b) = -2*b**3 - 3*b**2 + 3*b - 4. Let x = 178 + -181. Determine z(x).
14
Let g(v) = -6*v - 2 + 0*v - 2*v**2 - 4*v**2 + 5*v**3 - 4*v**3. What is g(7)?
5
Let q(g) = g - 4. Let l be -1 + (4/6)/2*18. Determine q(l).
1
Let q(c) be the first derivative of -c**4/24 - c**3/6 - 5*c**2 - 10. Let r(a) be the second derivative of q(a). Give r(-3).
2
Let n be (-6)/9*(-27)/(-6). Let k(c) = c**3 - 3*c**2 + c**3 - 1 - 2*c - 3*c**3. Calculate k(n).
5
Let v be -4*-9*(-3)/36. Let s(a) = -2*a**2 - 2. Calculate s(v).
-20
Let o(b) = -b + 7. Suppose -p + h - 1 = 0, -2*p + p - h + 1 = 0. Calculate o(p).
7
Let y(j) be the second derivative of -2*j - 1/2*j**2 + 0 - 1/3*j**3. Let d be (2/2)/((-4)/(-12)). Calculate y(d).
-7
Suppose -5*m - 6 = 2*r - 0, -4*m - 3 = r. Let z(o) = o + 1. Let p be z(1). Let y(s) = 7 - 4*s**p + 1 + 5*s**2 + s. Give y(m).
8
Let y(f) be the first derivative of 3/2*f**2 - 2 + f. What is y(-2)?
-5
Let s(t) = t**2 + 3*t - 4. Let l be 5*(-3 - (-2 - 0)). Determine s(l).
6
Suppose -3*c = -4*c - 5, 4*w + 5*c = -17. Let p(o) = o**2 + 5*o**w + 2*o - o - 3 + 4. Give p(-1).
6
Let y(s) = 2*s - s + 3 + 4*s. Let j(c) = c**2 - 8*c - 11. Let q be j(9). Calculate y(q).
-7
Let z(u) = -u**2 - 10. Suppose -3*g = -g - c - 29, -3*c + 63 = 4*g. Suppose 5*r = -3*j - 9, 4*j = -2*r - j - g. What is z(r)?
-10
Let n be ((-4)/10)/((-17)/255). Let g(v) = 2*v - 9. Determine g(n).
3
Suppose -3*q - 21 = 4*p, -5*q = -5*p - 0*q. Let f(j) = 11*j - 3. Let m(v) = 12*v - 4. Let u(b) = p*f(b) + 2*m(b). Let a be (-4)/(-2 + 3)*(-1)/4. Give u(a).
-8
Let v(b) be the third derivative of 1/12*b**4 + 0*b - b**2 - 1/20*b**5 + 0 - 1/6*b**3. Let o(r) = -r**3 + 10*r**2 - 17*r + 9. Let q be o(8). Give v(q).
-2
Let r(m) = -3*m + 3. Let h be r(2). Let d be 8/(-4) - h/3. Let q(o) = 1 + 2*o + o**2 - o**2 - 5*o**2. Give q(d).
-6
Let b(n) = n**2 + 5 + 0 + 3*n - 1. Determine b(-3).
4
Let x(j) = 2*j - 4. Let g(q) = 6*q - 12. Let f(b) = 6*g(b) - 17*x(b). Let m be (-3)/(-4) + (-9)/12. Suppose m = 5*h, 2*h + 20 = 7*s - 2*s. Give f(s).
4
Let l(v) = v**3 + v**2 + 2. Let k be l(0). Suppose -r - 4 = -k*r. Let o(j) = -j**2 + 7*j - 6. Calculate o(r).
6
Suppose 20 = 5*a + 10. Let l(i) = 3*i**2 - i + 3. Let b(o) = o**2 + o. Let v(h) = -2*b(h) + l(h). Calculate v(a).
1
Let f = -51 - -48. Let s(t) = -t**3 - 4*t**2 + 1. What is s(f)?
-8
Suppose 0 = r - 6*r + 10. Let z(c) = -6 + 7*c**2 - c**3 + 0*c**r - 6*c**2. Determine z(0).
-6
Suppose 0*o - 6 = -3*o. Let q(h) = 4 - h + 0*h - 7*h**o - h**3 + 4*h**2 - 2*h**2. Determine q(-4).
-8
Let y(m) = 5*m - 3 + 3. Suppose 0 = -2*a - a + 3*g - 18, -g - 2 = 3*a. Determine y(a).
-10
Let f be (-1 + (-1 - -1))*3. Let p(r) = -2*r**2 - r. Determine p(f).
-15
Let d(n) = n + 2*n**2 - 7*n + 4*n + 17*n**3 + n. Calculate d(1).
18
Let p be 6/(-6) + 4 - 2*2. Let g(k) = 20*k - 1. What is g(p)?
-21
Let j(s) = -s**3 + 3*s**2 + 2*s - 2. Let q = 6 + -12. Let t = 0 - 3. Let z = t - q. What is j(z)?
4
Let b(i) = -4 + 1 + i**2 - 1 + i. Calculate b(-4).
8
Let w(j) be the first derivative of -j**2 - 1. Give w(-1).
2
Let m(x) = -x**3 - 16*x**2 + x + 15. Let y be m(-16). Let j(g) = -3*g**3 + 2*g**2 + 1. Let f(a) = 6*a**3 - 3*a**2 - 2. Let b(v) = -4*f(v) - 7*j(v). Give b(y).
2
Let b(m) be the second derivative of m**4/12 + 4*m**3/3 + 2*m**2 - 2*m. Give b(-5).
-11
Let a(i) = -i**2 + 5*i - 4. Let l = 15 - -1. Let j = l - 11. Determine a(j).
-4
Suppose 4*f = 5*m + 18, m + 0*f = f - 3. Let v(b) = 1 + 6 - 2*b - 13. Give v(m).
6
Let f(c) = 4*c**2 + c**3 - 2 - 6*c**2 - 6*c**3. What is f(-2)?
30
Let q(p) = -p - 3. Let k be 13/(-39) + 8/(-3). Calculate q(k).
0
Let k(v) = -3*v**2 + 12*v + 14. Let n(u) be the first derivative of -u**3/3 + 2*u**2 + 5*u + 1. Let y(m) = -3*k(m) + 8*n(m). Give y(4).
-2
Let b(z) = -2*z + 2. Let h be 5*1 + (7 - 5). Suppose 5*a - 13 = h. Suppose -a*w = 2*j - 8 - 6, 5*w - 5*j = 10. Calculate b(w).
-4
Suppose f + 2*f + 3 = 0. Let g = f + 4. Let l(r) = -2 + 5*r**g - 4*r**3 - 3*r**2 - 3*r**3 - 2*r. Calculate l(-2).
6
Suppose s + 3*l = 15, -2*l - 15 - 9 = -5*s. Let p(b) be the first derivative of b**3/3 - 3*b**2 + 5*b - 7. What is p(s)?
5
Let i(c) = -8*c**3 - 3*c**2 - 3*c - 8. Let b(d) = 3*d**3 + d**2 + d + 3. Let v(h) = -11*b(h) - 4*i(h). Give v(2).
-3
Let j(h) = 2*h + 2*h + 0 - 1 + 9*h. Let v(u) = -u. Let w(p) = -j(p) - 4*v(p). What is w(1)?
-8
Let j(v) = v**2 - 6*v. Let o be ((-30)/24)/(1/(-4)). Let d be j(o). Let a(l) = l**2 + 8*l + 7. Give a(d).
-8
Let j(d) = 1 - 5 + 0 + 2*d + d**2. Suppose t = -w + 5, 0 = -4*t + 4*w - 6 + 26. Suppose 4 = -y - t*f, y - 2*f + 4 = f. Give j(y).
4
Let s(p) be the second derivative of -p**3/3 - p**2/2 + 2*p. What is s(-4)?
7
Let s(t) = -12*t - 4 + 17*t + 2*t**2 - t**2. Calculate s(-5).
-4
Let g(x) = x**3 - x**2 + x + 6. Suppose 4*w - 5*h = 18, 4*w - 2*w - 4*h = 12. Suppose -w*q + 16 = -q + 4*a, 0 = 5*q - 3*a + 12. Determine g(q).
6
Let m = -90 + 85. Let t(x) = x**3 + 6*x**2 + x - 4. Calculate t(m).
16
Let k(i) = -3*i**3 + 3*i**3 - 4 - 3*i + i**3 + 5*i**2. Let l(d) = 2*d**3 - 14*d**2 - 2*d + 9. Let r be l(7). Calculate k(r).
11
Suppose 5*l - 2 = 8. Let y(z) = 4 + 3 + z**3 - l*z**3 - 7*z - 4*z**2 + 10*z**2. Suppose 0 = 2*b - 9 - 1. What is y(b)?
-3
Let a(z) = 5*z - 3*z - 2*z - 9 + z. Let t be a(8). Let i(j) = 2*j**3 + 1. Determine i(t).
-1
Suppose -s + 6*f - 3*f = -8, 17 = 4*s + 3*f. Suppose -s*g - 3 + 13 = 0. Let m(v) = -v**2 + 3*v - 2. Give m(g).
0
Let t(k) = -k**3 + 8*k**2 + k - 1. Let i(a) = -a**3 + a**2 - a - 1. Let j(q) = 2*i(q) - t(q). What is j(-4)?
-21
Let j(s) be the first derivative of -6*s + 2*s**2 - 2 + 1/3*s**3. Give j(-5).
-1
Suppose -5*g + 19 = 24. Let k(h) = -29*h - 1. What is k(g)?
28
Let c be 4*(-1 + (-14)/(-8)). Suppose 7*d = 4*d - c. Let h be 6 - (-1 - 2*d). Let l(w) = -w**3 + 6*w**2 - 5*w - 1. What is l(h)?
-1
Let b(d) = -3*d**2 + 4*d - 3. Let r(m) = -13*m**2 + 16*m - 12. Suppose 0 = 5*t + 8 + 2. Let a(o) = t*r(o) + 9*b(o). Let v be (-2)/(-1) - (0 + -2). What is a(v)?
-3
Let x(j) = -3*j + 3 + 0 + j. Suppose d = 3*d - 2. Let s be (-2)/d + 4 + 1. Determine x(s).
-3
Let s(i) = 2*i - 7. Let c = 11 - 9. Suppose 4*q = 2*k + 6, -4*q = c*k + q - 30. Determine s(k).
3
Let j = 58 - 63. Let n(y) = 2*y**2 - 10*y - 4. Let p(m) = m**2 - m + 1. Let d(i) = -n(i) + 3*p(i). Determine d(j).
-3
Suppose -15*i + 127 = 37. Let j(n) = -n**2 + 5*n + 2. What is j(i)?
-4
Let n(t) = -t**2 + t + 1. Let k(s) = -s + 1. Let c(g) = k(g) - n(g). Let i(z) = z + 2. Let o be i(0). Suppose -8 - o = -5*q. Calculate c(q).
0
Let c(y) be the third derivative of y**5/60 + y**4/4 + y**3/2 - 22*y**2. Calculate c(-5).
-2
Suppose -5*x + 17 = 2*b, 4*b + 5*x - 12 = -3. Let q(r) = r**2 + 6*r - 4. Determine q(b).
-12
Let x(r) = -4*r + 6*r - r**2 + 1 - 3. Let o(t) = -t. Let y be o(-2). Suppose 0 = -4*l + y*l + 6. Give x(l).
-5
Let d(x) = x**3 + x + 7. Suppose -3*b - 4 + 7 = 0. Let h be (b - 1)/1 + 2. Suppose h*c = -c. Calculate d(c).
7
Let m be -2 - (-1 - 3)/(-2). Let b(j) = -j**3 - j**2 - j + 1. Let w(x) = -4*x**3 - 7*x**2 - 5*x + 3. Let d(h) = -3*b(h) + w(h). Determine d(m).
8
Let t(w) be the second d